{"id":101,"date":"2017-08-14T08:43:07","date_gmt":"2017-08-14T06:43:07","guid":{"rendered":"https:\/\/www.weindl-metall.de\/?page_id=101"},"modified":"2017-08-14T08:43:07","modified_gmt":"2017-08-14T06:43:07","slug":"edelstahl-verarbeitung","status":"publish","type":"page","link":"https:\/\/weindl-metall.de\/index.php\/ueber-uns\/leistungssprektrum\/edelstahl-verarbeitung\/","title":{"rendered":"Edelstahl Verarbeitung"},"content":{"rendered":"<p>Die Verarbeitung von Edelstahl setzt umfangreiches Fachwissen und K\u00f6nnen \u00fcber dessen Eigenschaften voraus.<\/p>\n<p>Wir verf\u00fcgen \u00fcber jahrzehntelange Erfahrung im Umgang mit diesem anspruchsvollen Material und bieten Ihnen Edelstahlverarbeitung von gr\u00f6\u00dftm\u00f6glicher Sorgfalt und Pr\u00e4zision.<\/p>\n","protected":false},"excerpt":{"rendered":"<p>Die Verarbeitung von Edelstahl setzt umfangreiches Fachwissen und K\u00f6nnen \u00fcber dessen Eigenschaften voraus. Wir verf\u00fcgen \u00fcber jahrzehntelange Erfahrung im Umgang mit diesem anspruchsvollen Material und bieten Ihnen Edelstahlverarbeitung von gr\u00f6\u00dftm\u00f6glicher Sorgfalt und Pr\u00e4zision.<\/p>\n","protected":false},"author":1,"featured_media":0,"parent":112,"menu_order":0,"comment_status":"closed","ping_status":"closed","template":"","meta":{"footnotes":""},"class_list":["post-101","page","type-page","status-publish","hentry"],"_links":{"self":[{"href":"https:\/\/weindl-metall.de\/index.php\/wp-json\/wp\/v2\/pages\/101","targetHints":{"allow":["GET"]}}],"collection":[{"href":"https:\/\/weindl-metall.de\/index.php\/wp-json\/wp\/v2\/pages"}],"about":[{"href":"https:\/\/weindl-metall.de\/index.php\/wp-json\/wp\/v2\/types\/page"}],"author":[{"embeddable":true,"href":"https:\/\/weindl-metall.de\/index.php\/wp-json\/wp\/v2\/users\/1"}],"replies":[{"embeddable":true,"href":"https:\/\/weindl-metall.de\/index.php\/wp-json\/wp\/v2\/comments?post=101"}],"version-history":[{"count":0,"href":"https:\/\/weindl-metall.de\/index.php\/wp-json\/wp\/v2\/pages\/101\/revisions"}],"up":[{"embeddable":true,"href":"https:\/\/weindl-metall.de\/index.php\/wp-json\/wp\/v2\/pages\/112"}],"wp:attachment":[{"href":"https:\/\/weindl-metall.de\/index.php\/wp-json\/wp\/v2\/media?parent=101"}],"curies":[{"name":"wp","href":"https:\/\/api.w.org\/{rel}","templated":true}]}}