{"id":67,"date":"2017-08-14T08:33:36","date_gmt":"2017-08-14T06:33:36","guid":{"rendered":"https:\/\/www.weindl-metall.de\/?page_id=67"},"modified":"2017-08-14T08:33:36","modified_gmt":"2017-08-14T06:33:36","slug":"feuerverzinken","status":"publish","type":"page","link":"https:\/\/weindl-metall.de\/index.php\/ueber-uns\/fragen-und-antworten\/feuerverzinken\/","title":{"rendered":"Feuerverzinken"},"content":{"rendered":"<p><strong>Wieso werden Bauteile aus Stahl \u00fcberhaupt feuerverzinkt und was versteht man darunter?<\/strong><\/p>\n<p>W\u00fcrden Stahlbauteile(z.B. Balkone, Treppen usw. im Freien) nicht verzinkt, so w\u00fcrde der Stahl bei freier Bewitterung im Laufe der Zeit zu rosten (Korrosion) beginnen. Der Rost w\u00fcrde dann \u00fcber eine gewisse Zeitspanne hinweg die Bauteile zerst\u00f6ren. Um diesen Vorgang zu verhindern, werden Bauteile aus Stahl verzinkt, also mit einer Reinzinkschicht \u00fcberzogen.<\/p>\n<p>Dies geschieht beim Tauchen von Stahlbauteilen in ein hei\u00dfes (450 Grad) fl\u00fcssiges Zinkbad. Hierdurch wird ein \u00e4u\u00dferst langlebiger und witterungsbest\u00e4ndiger Korrosionsschutz aufgebracht. Man spricht hier vom Feuerverzinken. Verzinkte Oberfl\u00e4chen zeichnen sich durch einen meist silbrig gl\u00e4nzenden \u00dcberzug, mit einem teilweise ausgepr\u00e4gten Zinkblumenmuster aus.<\/p>\n<p><strong>H\u00e4ufig die Oberbfl\u00e4chenbeschafftenheit nach dem Verzinken strittig \u2013 was ist noch erlaubt, was ist nicht mehr hinnehmbar?<\/strong><\/p>\n<p>Hierzu ist Folgendes fest zu halten:Feuerverzinken ist Korrosionsschutz und kein optisches Gestaltungsmittel wie zum Beispiel eine Farbbeschichtung. Der Metallbauer und der Verzinkungsbetrieb haben auf die Elemente, die das Aussehen der Oberfl\u00e4che beinflussen, (z.B. Silizium-Phosphorgehalt) kaum Einfluss. Weiterhin ist eine Konstruktion in der Regel aus verschiedenen Profilen, Rohren oder Blechen zusammengesetzt. Diese weisen unterschiedliche Legierungsbestandteile auf, die nach dem Feuerverzinken verschiedene Schichtdicken und Oberfl\u00e4chen hervorbringen. &#8220;Bei Abnahmen m\u00fcssen alle wesentlichen Fl\u00e4chen auf dem Verzinkungsgut, bei Betrachtung mit dem unbewaffneten Auge, frei von Verdickungen und Blasen (zum Beispiel erhabene Stellen ohne Verbindung zum Metalluntergrund), rauen Stellen, Zinkspitzen (falls sie eine Verletzungsgefahr darstellen) und Fehlstellen sein&#8221;.<\/p>\n<p>Das Auftreten von dunkel- bzw hellgrauen Bereichen (zum Beispiel ein netzf\u00f6rmiges Muster von grauen Bereichen) oder eine geringe Oberfl\u00e4chenunebenheit ist kein Grund zur Zur\u00fcckweisung, ebenso Wei\u00dfrost (mit wei\u00dflichen oder dunklen Korrosionsprodukten &#8211; \u00fcberwiegend bestehend aus Zinkoxyd &#8211; der durch Lagerung unter feuchten Bedingungen nach dem Feuerverzinken entstehen kann), sofern der geforderte Mindestwert der Dicke des Zink\u00fcberzugs noch vorhanden ist.<\/p>\n","protected":false},"excerpt":{"rendered":"<p>Wieso werden Bauteile aus Stahl \u00fcberhaupt feuerverzinkt und was versteht man darunter? W\u00fcrden Stahlbauteile(z.B. Balkone, Treppen usw. im Freien) nicht verzinkt, so w\u00fcrde der Stahl bei freier Bewitterung im Laufe der Zeit zu rosten (Korrosion) beginnen. Der Rost w\u00fcrde dann \u00fcber eine gewisse Zeitspanne hinweg die Bauteile zerst\u00f6ren. Um diesen Vorgang zu verhindern, werden Bauteile [&hellip;]<\/p>\n","protected":false},"author":1,"featured_media":0,"parent":69,"menu_order":0,"comment_status":"closed","ping_status":"closed","template":"","meta":{"footnotes":""},"class_list":["post-67","page","type-page","status-publish","hentry"],"_links":{"self":[{"href":"https:\/\/weindl-metall.de\/index.php\/wp-json\/wp\/v2\/pages\/67","targetHints":{"allow":["GET"]}}],"collection":[{"href":"https:\/\/weindl-metall.de\/index.php\/wp-json\/wp\/v2\/pages"}],"about":[{"href":"https:\/\/weindl-metall.de\/index.php\/wp-json\/wp\/v2\/types\/page"}],"author":[{"embeddable":true,"href":"https:\/\/weindl-metall.de\/index.php\/wp-json\/wp\/v2\/users\/1"}],"replies":[{"embeddable":true,"href":"https:\/\/weindl-metall.de\/index.php\/wp-json\/wp\/v2\/comments?post=67"}],"version-history":[{"count":0,"href":"https:\/\/weindl-metall.de\/index.php\/wp-json\/wp\/v2\/pages\/67\/revisions"}],"up":[{"embeddable":true,"href":"https:\/\/weindl-metall.de\/index.php\/wp-json\/wp\/v2\/pages\/69"}],"wp:attachment":[{"href":"https:\/\/weindl-metall.de\/index.php\/wp-json\/wp\/v2\/media?parent=67"}],"curies":[{"name":"wp","href":"https:\/\/api.w.org\/{rel}","templated":true}]}}