{"id":73,"date":"2017-08-14T08:36:15","date_gmt":"2017-08-14T06:36:15","guid":{"rendered":"https:\/\/www.weindl-metall.de\/?page_id=73"},"modified":"2017-08-14T08:36:15","modified_gmt":"2017-08-14T06:36:15","slug":"bauen-mit-glas","status":"publish","type":"page","link":"https:\/\/weindl-metall.de\/index.php\/ueber-uns\/fragen-und-antworten\/bauen-mit-glas\/","title":{"rendered":"Bauen mit Glas"},"content":{"rendered":"<p><strong>Was sind \u00dcberkopfverglasungen?<\/strong><\/p>\n<p>Als \u00dcberkopfverglasungen bezeichnet man die Verwendung von Glasscheiben als Dach. Diese Verglasungen werden bevorzugt bei Lichtd\u00e4chern, Lichtkuppeln, bei Winterg\u00e4rten, zum Teil auch bei Carports sowie bei Terrassen\u00fcberdachungen eingesetzt. Die gestalterischen Grenzen f\u00fcr solche Anwendungen sind fast frei. Man muss jedoch gerade bei Glas auch einiges beachten, um sichere Bauwerke herzustellen.<\/p>\n<p><strong>Was sind absturzsichernde Verglasungen?<\/strong><\/p>\n<p>Als absturzsichernde Verglasungen bezeichnet man Glasscheiben, die in Treppen und Balkongel\u00e4ndern verbaut werden. Diese Glasscheiben d\u00fcrfen ebenfalls nur aus Verbund-Sicherheits-Glasscheiben (VSG) oder auch aus teil-vorgespannten Glasscheiben (TVG) bestehen. Auch hier ist die zu verwendende Glasdicke von der Einspannungsart abh\u00e4ngig. Auch hier gilt, dass die Glasscheibe im Versagensfall stehen bleiben muss, damit kein Mensch abst\u00fcrzen kann. Aus diesem Grund d\u00fcrfen solche Glasscheiben eine Glasdicke von 12 mm nicht unterschreiten. Es k\u00f6nnen aber auch bis zu 20 mm starke Glasscheiben statisch notwendig sein, wie dies bei Ganzglas-Gel\u00e4ndern die Vorschrift ist. In jedem Fall ist es angebracht, von dem Glas-Hersteller (z.B. Firma Flachglas usw.) eine Berechnung durchf\u00fchren zu lassen. Diese Berechnung kann aber einen statischen Nachweis nicht ersetzen, ist aber ein relativ genauer Wert bei dem man auf der sicheren Seite ist.<\/p>\n<p><strong>Auf was ist bei \u00dcberkopfverglasungen zu achten?<\/strong><\/p>\n<p>Bei \u00dcberkopfverglasung ist das Wichtigste, f\u00fcr die Sicherheit der Personen Sorge zu tragen, die sich unter Glasd\u00e4chern befinden sowie die richtige statische Auslegung hinsichtlich der Tragf\u00e4higkeit von Glasd\u00e4chern. Ich sehe immer wieder Vord\u00e4cher, auf denen nur 8 mm starke Glasscheiben montiert sind. Diese sind mangelhaft und zum Teil auch noch gef\u00e4hrlich. Generell gilt, dass Glasd\u00e4cher so konzipiert werden m\u00fcssen, dass herabfallende Gegenst\u00e4nde (z.B. lose Dachziegel, die durch starken Wind gel\u00f6st werden) die einzelnen Glasscheiben nicht durchschlagen. Dies erreicht man, indem zwei einzelne Glasscheiben mittels einer durchsichtigen Tr\u00e4gerfolie miteinander verklebt werden. Die Folie bewirkt, dass die Glasscheibe nicht in tausend St\u00fccke zerspringt, sondern splitterbindend (genau wie bei Autoglasscheiben) ist. Auch die in unseren Breitengraden vorhandenen Schneelasten m\u00fcssen ber\u00fccksichtigt werden. Ein weiterer Aspekt ist die Dichtigkeit von Glasd\u00e4chern. Laut Norm m\u00fcssen Glasd\u00e4cher einen Neigungswinkel von mindestens 10 Grad aufweisen, damit Wasser und Schnee mit der n\u00f6tigen Geschwindigkeit ablaufen k\u00f6nnen. Aus diesem Grund schreibt der Gesetzgeber (&#8220;Technische Regeln f\u00fcr die Verwendung von linienf\u00f6rmig gelagerten Verglasungen&#8221;) vor, dass mindestens 12mm starke Verbund-Sicherheitsglasscheiben zur Ausf\u00fchrung kommen m\u00fcssen. Aber auch die Ausladung und die Auflageart sind entscheidend f\u00fcr die Sicherheit. Man unterscheidet hier zwischen folgenden Lagerungsarten:<\/p>\n<p>&nbsp;<\/p>\n<ul>\n<li>umlaufend eingespannter Lagerung<\/li>\n<li>linienf\u00f6rmiger Lagerung<\/li>\n<li>punktf\u00f6rmiger Lagerung<\/li>\n<\/ul>\n<p>&nbsp;<\/p>\n<p>Ideal sind Glasscheiben die umlaufend eingespannt sind. Bei dieser Lagerung sind technisch gr\u00f6\u00dfere Glasscheiben machbar als dies bei linienf\u00f6rmiger- bzw. bei punktlagerung m\u00f6glich ist. Bei Punktgelagerten Glasscheiben stehen die gestalterischen M\u00f6glichkeiten im Vordergrund, da nur filigrane Halter zur Ausf\u00fchrung kommen. Hierdurch wird eine fast freie Sicht nach drau\u00dfen erreicht, ohne dass oft st\u00f6rende Rahmenteile optisch das Sichtfeld versperren.<\/p>\n<p><strong>Darf ESG Glas als \u00dcberkopfverglasung oder als absturzsichernde Verglasung verwendet werden?<\/strong><\/p>\n<p>Kurz gesagt: &#8220;Nein&#8221;Einscheiben-Sicherheitsglas (ESG Glas) hat eine \u00e4u\u00dferst harte und widerstandsf\u00e4hige Oberfl\u00e4che. Bei Bruch jedoch zerspringt die Glasscheibe in tausende kleine Bruchst\u00fccke &#8211; und dies oftmals ohne Vorwarnung oder erkennbare Risse im Glas. ESG Glasscheiben haben auch eine erh\u00f6hte Kantenbruchgefahr. Das hei\u00dft, dass die gesamte Scheibe schon beim kleinsten Schlag auf die Glaskante bersten kann. Ein weiterer Aspekt ist, dass auch die Sonneneinstrahlung zu Glasbruch f\u00fchren kann. Aus diesen Gr\u00fcnden ist eine Verglasung mit ESG nicht zul\u00e4ssig. Viele unserer Kollegen und auch Architekten verbauen nach wie vor ESG Glasscheiben, ohne sich dessen Gefahr bewusst zu sein.<\/p>\n","protected":false},"excerpt":{"rendered":"<p>Was sind \u00dcberkopfverglasungen? Als \u00dcberkopfverglasungen bezeichnet man die Verwendung von Glasscheiben als Dach. Diese Verglasungen werden bevorzugt bei Lichtd\u00e4chern, Lichtkuppeln, bei Winterg\u00e4rten, zum Teil auch bei Carports sowie bei Terrassen\u00fcberdachungen eingesetzt. Die gestalterischen Grenzen f\u00fcr solche Anwendungen sind fast frei. Man muss jedoch gerade bei Glas auch einiges beachten, um sichere Bauwerke herzustellen. Was sind [&hellip;]<\/p>\n","protected":false},"author":1,"featured_media":0,"parent":69,"menu_order":0,"comment_status":"closed","ping_status":"closed","template":"","meta":{"footnotes":""},"class_list":["post-73","page","type-page","status-publish","hentry"],"_links":{"self":[{"href":"https:\/\/weindl-metall.de\/index.php\/wp-json\/wp\/v2\/pages\/73","targetHints":{"allow":["GET"]}}],"collection":[{"href":"https:\/\/weindl-metall.de\/index.php\/wp-json\/wp\/v2\/pages"}],"about":[{"href":"https:\/\/weindl-metall.de\/index.php\/wp-json\/wp\/v2\/types\/page"}],"author":[{"embeddable":true,"href":"https:\/\/weindl-metall.de\/index.php\/wp-json\/wp\/v2\/users\/1"}],"replies":[{"embeddable":true,"href":"https:\/\/weindl-metall.de\/index.php\/wp-json\/wp\/v2\/comments?post=73"}],"version-history":[{"count":0,"href":"https:\/\/weindl-metall.de\/index.php\/wp-json\/wp\/v2\/pages\/73\/revisions"}],"up":[{"embeddable":true,"href":"https:\/\/weindl-metall.de\/index.php\/wp-json\/wp\/v2\/pages\/69"}],"wp:attachment":[{"href":"https:\/\/weindl-metall.de\/index.php\/wp-json\/wp\/v2\/media?parent=73"}],"curies":[{"name":"wp","href":"https:\/\/api.w.org\/{rel}","templated":true}]}}