{"id":742,"date":"2018-04-03T09:06:52","date_gmt":"2018-04-03T07:06:52","guid":{"rendered":"https:\/\/www.weindl-metall.de\/?page_id=742"},"modified":"2018-04-03T09:06:52","modified_gmt":"2018-04-03T07:06:52","slug":"muelleinhausungen","status":"publish","type":"page","link":"https:\/\/weindl-metall.de\/index.php\/unsere-produkte\/muelleinhausungen\/","title":{"rendered":"M\u00fclleinhausungen"},"content":{"rendered":"<p>Durch die erforderliche Trennung von Hausm\u00fcll, Biom\u00fcll, Papierm\u00fcll und gelber Tonne m\u00fcssen heute diverse bunte M\u00fclltonnen vor dem Haus aufgestellt werden. Sie verunstalten die Eingangsbereiche von Einfamilienh\u00e4usern, von Mehrfamilienh\u00e4usern bis hin zu B\u00fcros, Hotels, Krankenh\u00e4usern und vielen weiteren repr\u00e4sentativen Bereichen vor oder neben Geb\u00e4uden. Um ein ansprechendes Erscheinungsbild zu wahren, finden Sie bei uns verschiedene L\u00f6sungen f\u00fcr M\u00fclltonnenboxen, Wertstoffboxen oder komplette Einhausungen mit und ohne \u00dcberdachung, passend zu ihren Anforderungen. M\u00fcllboxen oder M\u00fclleinhausungen fertigen wir individuell in unterschiedlichen Gr\u00f6\u00dfen und Formen aus verschiedenen Materialien in einem hochwertigen, anspruchsvollen Design, welches Ihre Architektur unterstreicht. Sogar begr\u00fcnte L\u00f6sungen sind m\u00f6glich. M\u00fcllboxen fertigen wir aus den unterschiedlichsten Materialen. So haben Sie die Auswahl Konstruktionen aus verzinkten und pulverbeschichteten Stahl in Kombination mit Beton, Naturstein (z.B. Granit). Holz, pulverbeschichteten Lochblechen, oder komplette L\u00f6sungen aus Edelstahl.<\/p>\n<p>Unsere Projekte:<\/p>\n<p>[tlpportfolio id=&#8221;741&#8243; title=&#8221;M\u00fclleinhausungen&#8221;]<\/p>\n","protected":false},"excerpt":{"rendered":"<p>Durch die erforderliche Trennung von Hausm\u00fcll, Biom\u00fcll, Papierm\u00fcll und gelber Tonne m\u00fcssen heute diverse bunte M\u00fclltonnen vor dem Haus aufgestellt werden. Sie verunstalten die Eingangsbereiche von Einfamilienh\u00e4usern, von Mehrfamilienh\u00e4usern bis hin zu B\u00fcros, Hotels, Krankenh\u00e4usern und vielen weiteren repr\u00e4sentativen Bereichen vor oder neben Geb\u00e4uden. Um ein ansprechendes Erscheinungsbild zu wahren, finden Sie bei uns verschiedene [&hellip;]<\/p>\n","protected":false},"author":1,"featured_media":0,"parent":105,"menu_order":0,"comment_status":"closed","ping_status":"closed","template":"","meta":{"footnotes":""},"class_list":["post-742","page","type-page","status-publish","hentry"],"_links":{"self":[{"href":"https:\/\/weindl-metall.de\/index.php\/wp-json\/wp\/v2\/pages\/742","targetHints":{"allow":["GET"]}}],"collection":[{"href":"https:\/\/weindl-metall.de\/index.php\/wp-json\/wp\/v2\/pages"}],"about":[{"href":"https:\/\/weindl-metall.de\/index.php\/wp-json\/wp\/v2\/types\/page"}],"author":[{"embeddable":true,"href":"https:\/\/weindl-metall.de\/index.php\/wp-json\/wp\/v2\/users\/1"}],"replies":[{"embeddable":true,"href":"https:\/\/weindl-metall.de\/index.php\/wp-json\/wp\/v2\/comments?post=742"}],"version-history":[{"count":0,"href":"https:\/\/weindl-metall.de\/index.php\/wp-json\/wp\/v2\/pages\/742\/revisions"}],"up":[{"embeddable":true,"href":"https:\/\/weindl-metall.de\/index.php\/wp-json\/wp\/v2\/pages\/105"}],"wp:attachment":[{"href":"https:\/\/weindl-metall.de\/index.php\/wp-json\/wp\/v2\/media?parent=742"}],"curies":[{"name":"wp","href":"https:\/\/api.w.org\/{rel}","templated":true}]}}