{"id":87,"date":"2017-08-14T08:40:23","date_gmt":"2017-08-14T06:40:23","guid":{"rendered":"https:\/\/www.weindl-metall.de\/?page_id=87"},"modified":"2017-08-14T08:40:23","modified_gmt":"2017-08-14T06:40:23","slug":"tore","status":"publish","type":"page","link":"https:\/\/weindl-metall.de\/index.php\/ueber-uns\/leistungssprektrum\/tore\/","title":{"rendered":"Tore"},"content":{"rendered":"<p>Ihren Designw\u00fcnschen sind keine Grenzen gesetzt&#8230;<\/p>\n<p>Wir fertigen und montieren <strong>Tore<\/strong> in unserer Werkstatt f\u00fcr jeden Einsatzzweck (modern und klassisch) in Norm- und Sondergr\u00f6\u00dfen mit und ohne Torantrieb. Unsere kraftbetriebenen Tore entsprechend den neuesten Sicherheitsstandards. Dazu bieten wir Ihnen viele Zusatzoptionen: z. B. Funkfernbedienungen f\u00fcr Ihr Garagentor oder Aktivierung der Au\u00dfenbeleuchtung. Sie werden sehen: Mit dem passenden Elektroantrieb mit Funkfernbedienung wird Ihr Tor zu einem Komforttor!<\/p>\n","protected":false},"excerpt":{"rendered":"<p>Ihren Designw\u00fcnschen sind keine Grenzen gesetzt&#8230; Wir fertigen und montieren Tore in unserer Werkstatt f\u00fcr jeden Einsatzzweck (modern und klassisch) in Norm- und Sondergr\u00f6\u00dfen mit und ohne Torantrieb. Unsere kraftbetriebenen Tore entsprechend den neuesten Sicherheitsstandards. Dazu bieten wir Ihnen viele Zusatzoptionen: z. B. Funkfernbedienungen f\u00fcr Ihr Garagentor oder Aktivierung der Au\u00dfenbeleuchtung. Sie werden sehen: Mit [&hellip;]<\/p>\n","protected":false},"author":1,"featured_media":0,"parent":112,"menu_order":0,"comment_status":"closed","ping_status":"closed","template":"","meta":{"footnotes":""},"class_list":["post-87","page","type-page","status-publish","hentry"],"_links":{"self":[{"href":"https:\/\/weindl-metall.de\/index.php\/wp-json\/wp\/v2\/pages\/87","targetHints":{"allow":["GET"]}}],"collection":[{"href":"https:\/\/weindl-metall.de\/index.php\/wp-json\/wp\/v2\/pages"}],"about":[{"href":"https:\/\/weindl-metall.de\/index.php\/wp-json\/wp\/v2\/types\/page"}],"author":[{"embeddable":true,"href":"https:\/\/weindl-metall.de\/index.php\/wp-json\/wp\/v2\/users\/1"}],"replies":[{"embeddable":true,"href":"https:\/\/weindl-metall.de\/index.php\/wp-json\/wp\/v2\/comments?post=87"}],"version-history":[{"count":0,"href":"https:\/\/weindl-metall.de\/index.php\/wp-json\/wp\/v2\/pages\/87\/revisions"}],"up":[{"embeddable":true,"href":"https:\/\/weindl-metall.de\/index.php\/wp-json\/wp\/v2\/pages\/112"}],"wp:attachment":[{"href":"https:\/\/weindl-metall.de\/index.php\/wp-json\/wp\/v2\/media?parent=87"}],"curies":[{"name":"wp","href":"https:\/\/api.w.org\/{rel}","templated":true}]}}