{"id":89,"date":"2017-08-14T08:40:50","date_gmt":"2017-08-14T06:40:50","guid":{"rendered":"https:\/\/www.weindl-metall.de\/?page_id=89"},"modified":"2017-08-14T08:40:50","modified_gmt":"2017-08-14T06:40:50","slug":"zaeune","status":"publish","type":"page","link":"https:\/\/weindl-metall.de\/index.php\/ueber-uns\/leistungssprektrum\/zaeune\/","title":{"rendered":"Z\u00e4une"},"content":{"rendered":"<p>Verbinden Sie Langlebigkeit mit \u00c4sthetik \u2013 bei uns finden Sie eine gro\u00dfe Auswahl an attraktiven <strong>Umz\u00e4unungen<\/strong> f\u00fcr Ihr Grundst\u00fcck.<\/p>\n<p>Neben einer Vielzahl von selbst gefertigten Toren bieten wir Ihnen funktionale und hochwertige Z\u00e4une an. Ihr Zaun von uns ist ein Unikat, d.h. wir fertigen jeden Zaun fachgerecht nach Ihren W\u00fcnschen und Bed\u00fcrfnissen in unserem Betrieb an.<\/p>\n<p>Eine besonders harmonische Verbindung ergibt sich aus der Kombination von Granits\u00e4ulen mit Metallzaun-Elementen. Mit Rat und Tat stehen wir Ihnen als kompetenter Partner bei der Auswahl und Montage der geeigneten Materialien zur Seite.<\/p>\n","protected":false},"excerpt":{"rendered":"<p>Verbinden Sie Langlebigkeit mit \u00c4sthetik \u2013 bei uns finden Sie eine gro\u00dfe Auswahl an attraktiven Umz\u00e4unungen f\u00fcr Ihr Grundst\u00fcck. Neben einer Vielzahl von selbst gefertigten Toren bieten wir Ihnen funktionale und hochwertige Z\u00e4une an. Ihr Zaun von uns ist ein Unikat, d.h. wir fertigen jeden Zaun fachgerecht nach Ihren W\u00fcnschen und Bed\u00fcrfnissen in unserem Betrieb [&hellip;]<\/p>\n","protected":false},"author":1,"featured_media":0,"parent":112,"menu_order":0,"comment_status":"closed","ping_status":"closed","template":"","meta":{"footnotes":""},"class_list":["post-89","page","type-page","status-publish","hentry"],"_links":{"self":[{"href":"https:\/\/weindl-metall.de\/index.php\/wp-json\/wp\/v2\/pages\/89","targetHints":{"allow":["GET"]}}],"collection":[{"href":"https:\/\/weindl-metall.de\/index.php\/wp-json\/wp\/v2\/pages"}],"about":[{"href":"https:\/\/weindl-metall.de\/index.php\/wp-json\/wp\/v2\/types\/page"}],"author":[{"embeddable":true,"href":"https:\/\/weindl-metall.de\/index.php\/wp-json\/wp\/v2\/users\/1"}],"replies":[{"embeddable":true,"href":"https:\/\/weindl-metall.de\/index.php\/wp-json\/wp\/v2\/comments?post=89"}],"version-history":[{"count":0,"href":"https:\/\/weindl-metall.de\/index.php\/wp-json\/wp\/v2\/pages\/89\/revisions"}],"up":[{"embeddable":true,"href":"https:\/\/weindl-metall.de\/index.php\/wp-json\/wp\/v2\/pages\/112"}],"wp:attachment":[{"href":"https:\/\/weindl-metall.de\/index.php\/wp-json\/wp\/v2\/media?parent=89"}],"curies":[{"name":"wp","href":"https:\/\/api.w.org\/{rel}","templated":true}]}}